{"id":42,"date":"2026-01-17T14:24:44","date_gmt":"2026-01-17T14:24:44","guid":{"rendered":"https:\/\/testing.avondvierdaagse-debiltbilthoven.nl\/?page_id=42"},"modified":"2026-05-09T10:17:48","modified_gmt":"2026-05-09T10:17:48","slug":"vrijwilligers","status":"publish","type":"page","link":"https:\/\/avondvierdaagse-debiltbilthoven.nl\/index.php\/vrijwilligers\/","title":{"rendered":"Vrijwilligers"},"content":{"rendered":"\n<h2 class=\"wp-block-heading\">Urgent! We hebben jou echt heel hard nodig!<\/h2>\n\n\n\n<p>Voor de Avondvierdaagse zijn wij dringend op zoek naar extra verkeersregelaars bijvoorbeeld voor de intocht op vrijdag 29 mei 2025. Aanmelden kan onderaan deze pagina!<\/p>\n\n\n\n<p>Op dit moment hebben wij voor de vrijdagavond nog een tekort van 13 verkeersregelaars. Woensdag 20 mei 2026 moeten wij de definitieve namen doorgeven aan de gemeente dus ons verzoek is urgent!\u00a0 Zonder voldoende verkeersregelaars kan de intocht helaas niet veilig doorgaan. Met meer dan 1300 deelnemers hopen we dat er nog een aantal vrijwilligers zijn die ons willen helpen. Ook opa\u2019s en oma\u2019s zijn van harte welkom, vorig jaar hebben zij ons fantastisch geholpen!<\/p>\n\n\n\n<p>Wat houdt het in?<\/p>\n\n\n\n<ul class=\"wp-block-list\">\n<li>Je staat langs de intocht bijvoorbeeld op de Hesseweg.<\/li>\n\n\n\n<li>Je ziet alle trotse kinderen en kleinkinderen voorbij komen.<\/li>\n\n\n\n<li>De inzet is kort en duurt maar ongeveer van 19:15 tot 20:45.<\/li>\n\n\n\n<li>Je kunt eventueel eerst gezellig meelopen met de route en daarna helpen.<\/li>\n<\/ul>\n\n\n\n<p>Als ongeveer 10 mensen zich aanmelden, zijn we waarschijnlijk al uit de grootste problemen. Daarom doen we echt een dringende oproep aan iedereen die kan helpen.<\/p>\n\n\n\n<p>Aanmeldenen kan hieronder!<\/p>\n\n\n\n<p>Onze eerdere oproepen hebben helaas nog niet voldoende vrijwilligers opgeleverd. Daarom hopen we dat er alsnog veel ouders, opa\u2019s en oma\u2019s willen helpen, zodat we samen kunnen zorgen voor een veilige en feestelijke intocht. Van sommige scholen heeft zich op dit moment zelfs nog geen enkele ouder aangemeld. We hopen daarom echt dat iedereen nog \u00e9\u00e9n keer wil kijken of helpen mogelijk is. Alvast ontzettend bedankt voor jullie hulp \u00e9n voor het rondvragen binnen familie en bekenden!<\/p>\n\n\n\n<p>Samen zorgen we ervoor dat de Avondvierdaagse door kan gaan!&nbsp;<\/p>\n\n\n\n<p>Heb je vragen of lukt het niet via het onderstaande aanmeld formulier dan kun je ook een e-mail sturen naar\u00a0<a href=\"mailto:info@avondvierdaagse-debiltbilthoven.nl\">info@avondvierdaagse-debiltbilthoven.nl<\/a>. Vermeld daarin je email-adres en\/of telefoonnummer en wij nemen contact met je op.\u00a0\u00a0<\/p>\n","protected":false},"excerpt":{"rendered":"<p>Urgent! We hebben jou echt heel hard nodig! Voor de Avondvierdaagse zijn wij dringend op zoek naar extra verkeersregelaars bijvoorbeeld voor de intocht op vrijdag 29 mei 2025. Aanmelden kan onderaan deze pagina! Op dit moment hebben wij voor de vrijdagavond nog een tekort van 13 verkeersregelaars. Woensdag 20 mei 2026 moeten wij de definitieve [&hellip;]<\/p>\n","protected":false},"author":1,"featured_media":0,"parent":0,"menu_order":0,"comment_status":"closed","ping_status":"closed","template":"page-vrijwilligers.php","meta":{"footnotes":""},"class_list":["post-42","page","type-page","status-publish","hentry"],"_links":{"self":[{"href":"https:\/\/avondvierdaagse-debiltbilthoven.nl\/index.php\/wp-json\/wp\/v2\/pages\/42","targetHints":{"allow":["GET"]}}],"collection":[{"href":"https:\/\/avondvierdaagse-debiltbilthoven.nl\/index.php\/wp-json\/wp\/v2\/pages"}],"about":[{"href":"https:\/\/avondvierdaagse-debiltbilthoven.nl\/index.php\/wp-json\/wp\/v2\/types\/page"}],"author":[{"embeddable":true,"href":"https:\/\/avondvierdaagse-debiltbilthoven.nl\/index.php\/wp-json\/wp\/v2\/users\/1"}],"replies":[{"embeddable":true,"href":"https:\/\/avondvierdaagse-debiltbilthoven.nl\/index.php\/wp-json\/wp\/v2\/comments?post=42"}],"version-history":[{"count":9,"href":"https:\/\/avondvierdaagse-debiltbilthoven.nl\/index.php\/wp-json\/wp\/v2\/pages\/42\/revisions"}],"predecessor-version":[{"id":360,"href":"https:\/\/avondvierdaagse-debiltbilthoven.nl\/index.php\/wp-json\/wp\/v2\/pages\/42\/revisions\/360"}],"wp:attachment":[{"href":"https:\/\/avondvierdaagse-debiltbilthoven.nl\/index.php\/wp-json\/wp\/v2\/media?parent=42"}],"curies":[{"name":"wp","href":"https:\/\/api.w.org\/{rel}","templated":true}]}}